 k. What are the prime factors of f?
3
Let k be 1/(-3*2/(-36)). Let y(h) = -h**3 + 6*h**2 + 2*h - 3. What are the prime factors of y(k)?
3
Suppose 101 = 6*b - 187. List the prime factors of b.
2, 3
Let s(j) = j**3 + 2*j**2 - 2*j - 2. Let l be s(-3). Let y be (2/1)/(l/(-10)). What are the prime factors of 2/4 - (-14)/y?
2
Let x = 3 - -1. Suppose -5*n = 5*i - 40, 3*n = i + 2*n - x. What are the prime factors of i?
2, 3
Suppose -20 = -k - 4*m, k - 3*m = -2*m. Suppose k*j - j - 30 = 0. Suppose -5*s + 3*t = -29, 0 = 2*s - 0*s - 2*t - j. List the prime factors of s.
7
Suppose 4*g = -216 - 200. Let z = -73 - g. List the prime factors of z.
31
Let g be ((-8)/(-5))/((-1)/(-5)). Let w = -2 + g. What are the prime factors of 23/5 + w/15?
5
Suppose 1 = -p - 1. Let r = 6 + p. Suppose 0 = 3*w - r - 23. List the prime factors of w.
3
Let u be (3 - -1)*3/2. Suppose -a = -u - 3. What are the prime factors of a?
3
Suppose 3*m - 5*m + 6 = 0. Suppose m = 3*g + 3*w, 4*g - 2*w = w + 11. What are the prime factors of g/2*-1 + 21?
2, 5
Suppose -2*a = -2*c - c - 10, -2*a = 2*c. Let r(f) = f**2 - 3*f + 4. Let s be r(3). Let n = s - c. List the prime factors of n.
2, 3
Let n(c) = -c**3 + 2 + c**2 + 2*c**3 + c**2 + 2*c**2 + c. What are the prime factors of n(-3)?
2
Let r(y) = 2*y**3 + 31*y**2 + 4*y - 15. List the prime factors of r(-15).
2, 3, 5
Suppose 4*n - 4 - 36 = 0. Let m be (-4)/n + 4/10. Suppose -3*t = -m*t - 12. What are the prime factors of t?
2
Suppose 4*u = q - 44, 3*q = -2*q + 3*u + 220. What are the prime factors of q?
2, 11
Let f = 51 + -36. What are the prime factors of f?
3, 5
Let x(t) = t**2 + 4*t - 3. List the prime factors of x(-10).
3, 19
Let k = 0 - 2. What are the prime factors of (-66)/(-9) - k/(-6)?
7
Let r(g) = -g**3 + 8*g**2 + 2*g - 14. Let i be r(8). Suppose -i*z + 99 = z. List the prime factors of z.
3, 11
What are the prime factors of (4 - 0) + -2 + 38?
2, 5
Let f(g) = 2*g**2 + 7*g - 2. Let m be f(-5). Let y = 27 - m. What are the prime factors of y?
2, 7
Let n = -211 + 453. Let i be (-4)/12 + n/6. Suppose 6*z - 2*z = i. List the prime factors of z.
2, 5
Let o(x) = x**3 + 9*x**2 + 4*x - 8. Let q be o(-8). Suppose -3*h + 0*h = -9. Suppose h*l - q - 12 = 0. What are the prime factors of l?
2, 3
Suppose -4*g = -a + 5*a - 144, -111 = -3*a - 2*g. What are the prime factors of a?
3, 13
What are the prime factors of ((-468)/(-273))/((-2)/(-63))?
2, 3
Let m = 21 + 15. List the prime factors of m.
2, 3
Let j = -4 + 5. Suppose 0 = 2*r - j - 1, 0 = 5*q + 2*r - 22. Suppose k - 8 = q. List the prime factors of k.
2, 3
Suppose 0 = 4*p - 8. Let l be ((12/(-3))/(-1))/p. Suppose 4*o + 3*b - 27 = l*o, -o - 2*b + 16 = 0. What are the prime factors of o?
2, 3
Let w(j) = -j**2 - 12*j + 5. Let k be w(-9). Suppose 52 = 3*p + 4*h, 3*p - 4*h = 5*p - k. List the prime factors of p.
2, 5
Let i(j) = j**3 - 11*j**2 - 11*j - 14. Let s be i(12). Let a = s + 5. What are the prime factors of a?
3
Let k(w) = w**2 + 8*w - 7. What are the prime factors of k(-13)?
2, 29
Suppose 0 = 2*c + c + 3. What are the prime factors of (-13)/2*c*2?
13
Let w(a) = a**2 + 10. Let r = 11 - 11. What are the prime factors of w(r)?
2, 5
Let f be (-4)/5*670/(-4). What are the prime factors of (-2)/11 - f/(-11)?
2, 3
Let d(z) = 5*z**2 + 5*z + 2. Let r(b) = -6*b**2 - 4*b - 3. Let k(q) = 5*d(q) + 4*r(q). Let c be k(-9). What are the prime factors of 97/9 + c/(-9)?
11
Suppose 2*v - 6*v + 4*x = -244, -110 = -2*v - 2*x. Suppose -42 - v = -5*o. What are the prime factors of o?
2, 5
Suppose x + j - 6 = 0, 3*x - 12 - 7 = -4*j. Suppose 0 = 5*k - 14 - 1, 0 = -4*s + x*k + 69. What are the prime factors of s?
3, 7
Let m = 29 - -295. What are the prime factors of m?
2, 3
Let v be (-2)/2 + 18/1. Let r = 23 - v. List the prime factors of r.
2, 3
Suppose -4*g = -8*g - 12. Let f = g - 5. Let m = f + 24. What are the prime factors of m?
2
Let o(u) be the third derivative of u**5/60 - u**4/8 - u**3/3 + 2*u**2. Let i(w) be the first derivative of o(w). List the prime factors of i(6).
3
Let a be 4 + 4/(1 + -3). Suppose k - 2*k + a = 0. List the prime factors of (k/(-4))/((-5)/50).
5
Let x be 1/2 - 299/26. Let a = -6 - x. What are the prime factors of a?
5
Let d = -89 - -52. Let x = d + 9. Let i = -14 - x. List the prime factors of i.
2, 7
Suppose -f = -0*f - 4*p + 25, 2*p - 44 = 4*f. What are the prime factors of 18/f*8/(-1)?
2
Let z(d) = -d**2 + 2*d + 6. Let m be z(5). Let t be 3/9 + (-15)/m. Suppose 4*x = -3*j + 2*j - 18, 3*x + 11 = -t*j. What are the prime factors of j?
2
Suppose -3*m = -2*a + 141, a + 2*m - 5*m - 78 = 0. Suppose -5*q - a = 2*f + 12, -5 = f - 4*q. Let u = -9 - f. What are the prime factors of u?
2
Suppose -31 = 3*r - 7. Let a(f) be the third derivative of -f**6/120 - 3*f**5/20 - f**4/3 + 4*f**3/3 + 2*f**2. List the prime factors of a(r).
2
Let o(c) = -c**2 - 12*c - 11. Let j be o(-12). Let s = 70 + -46. Let t = j + s. What are the prime factors of t?
13
Let x(o) = -o + 5. Let v be x(4). Suppose -5*a - 9 - v = 0. What are the prime factors of 2/((-8)/(-3) + a)?
3
Let m(h) be the second derivative of -h**5/2 - 3*h. What are the prime factors of m(-1)?
2, 5
Let s be (-6)/5*20/(-6). Suppose 3*w = -2*w + 2*u + 217, 133 = 3*w - s*u. List the prime factors of w.
43
Let y(z) = 4*z + 3. Let r be y(-4). List the prime factors of -1*1*(r + 2).
11
Suppose 5*b + 0*b + 15 = 0. Let u(a) = 4*a**2 - 3*a. Let l be u(2). Let j = b + l. List the prime factors of j.
7
Let u(x) be the third derivative of -x**4/24 + 5*x**3/3 + 3*x**2. Suppose j - 10 - 5 = 3*m, 2*m = -4*j + 18. What are the prime factors of u(j)?
2
Let n be ((-10)/(-8))/((-3)/(-72)). Suppose -4*z - n = -142. What are the prime factors of z?
2, 7
Suppose 5*l + 0 = 5. Suppose -l + 28 = 3*a. What are the prime factors of a?
3
Let t(n) = 34*n + 10. What are the prime factors of t(5)?
2, 3, 5
Suppose 4*d - 22 + 6 = 0. Let h be (0 - d/2) + -15. Let l = -12 - h. List the prime factors of l.
5
Let a(v) = -v**3 + v**2 + v - 2. Let u = 2 + -2. Let c be a(u). Let f = c + 17. List the prime factors of f.
3, 5
Let b be (-3)/3*-2 - -3. Suppose -4*l - b*a - 2 + 33 = 0, -4 = 4*a. Suppose v + 4*v - 4 = -2*n, l = -3*n. What are the prime factors of v?
2
Suppose 3*m = 226 + 95. What are the prime factors of m?
107
Suppose -7*a + 2*a - 95 = 0. Suppose 116 = -3*h - h. Let z = a - h. What are the prime factors of z?
2, 5
Suppose -z - 2*z - 48 = 0. Let h be 8/6*(-24)/z. Suppose -h*t + 5 = -19. What are the prime factors of t?
2, 3
Let j = 25 - 35. Let s = -5 - j. Suppose 0 = -s*o + 18 + 77. List the prime factors of o.
19
Let v = -37 - -75. What are the prime factors of v?
2, 19
Let f(q) = -10*q - 48. List the prime factors of f(-15).
2, 3, 17
Let p(l) = l**3 - 7*l**2 - 4*l + 6. Suppose -16 = -3*b + b. What are the prime factors of p(b)?
2, 19
Let z(g) = 83*g**2 - g. List the prime factors of z(1).
2, 41
Suppose -p = 3*n - 79, -4*n + n + 55 = -5*p. List the prime factors of n.
5
Suppose -4*g + 12 = 0, -4*s - s + 5*g = -385. List the prime factors of s.
2, 5
Let j(d) = -2*d + 2. Let o be j(-2). Let p(x) be the second derivative of -x**5/20 + 5*x**4/12 + 3*x**3/2 - 3*x**2 + 2*x. What are the prime factors of p(o)?
2, 3
Let h be 3/6 + (-3)/(-2). List the prime factors of (-6)/h + (-56)/(-2).
5
Suppose 61 + 14 = 5*d + 5*z, 15 = d - z. Let m = -1 - d. Let j = 23 + m. List the prime factors of j.
7
Let o(p) = -101*p + 3. What are the prime factors of o(-1)?
2, 13
Let k be (-9)/(-4) - (-2)/(-8). Suppose -k - 2 = -2*i. Suppose -i*w - r + 1 = -12, 0 = -4*w + 3*r + 1. List the prime factors of w.
2
Suppose -3796 = 5*c - 18*c. What are the prime factors of c?
2, 73
Let a(k) be the second derivative of -7*k**5/10 + k**3/6 + 4*k. Let h(y) = y**3 - 5*y**2 - 5*y - 7. Let q be h(6). List the prime factors of a(q).
13
Suppose -4*l - 5*w + 64 = 0, 3*l + 2*w = -l + 64. Suppose 0 = -v - v + l. List the prime factors of v.
2
Let f = -9 + 12. What are the prime factors of (-4)/(-6) + 16/f?
2, 3
Let b = 31 + -17. Let n(z) = z - 7. What are the prime factors of n(b)?
7
Suppose 4 - 32 = -4*v. List the prime factors of (-16)/56 - (-317)/v.
3, 5
Let k(x) = 30*x + 5. Let a be k(4). Suppose 5*t = a - 40. List the prime factors of t.
17
Let d = -1 - 0. Let k = -1 + d. List the prime factors of 0 + 2 + k 